*c - 5*c - 6 = 0. Let o(y) = y. What is o(c)?
-3
Let s(y) = 2 + y + 2 - 3 - 2*y**2. Let z(f) = 3*f + 1. Let p be z(3). Suppose -2*c - p = -6*c + 2*u, -u + 7 = 4*c. Determine s(c).
-5
Let o(m) be the third derivative of -m**4/8 + m**3/3 + m**2. Let h be (2 + 0)/(2/(-12)*-4). What is o(h)?
-7
Let w(n) = 2*n**2 + n - 1. Let o = 12 - 14. Calculate w(o).
5
Let r be -1*(1 - 0) - -3. Let p(k) = -1 - k**3 + 3*k**r + 3*k**2 - 5*k - 1. What is p(5)?
-2
Suppose -5*m = -0*m + 20. Let a(d) = -6*d - 15. Let q(k) = 3*k + 7. Let w(g) = -4*a(g) - 9*q(g). Calculate w(m).
9
Suppose -215*o = -211*o - 8. Let t(c) = 9*c - 3. What is t(o)?
15
Let n(k) = k + 2*k - 5 + k**3 - 41*k**2 + 36*k**2. What is n(4)?
-9
Let c(y) = 2*y**2 - 2*y**2 + 5 + y**2 + 3*y + 1. Let s(g) = -g**2 - 2*g - 7. Suppose 2*l = -l + 12. Let b(z) = l*c(z) + 3*s(z). Determine b(-5).
-2
Let r be (3*1)/((-6)/4). Let o(b) = -b**3 - 2*b**2 - b + 1. Let n be o(-2). Let t(g) = 5*g - 2 + g - 2*g - n*g. Calculate t(r).
-4
Let z(d) = d - 1. Suppose 5*l - 15 = 2*l. Let i(c) = -c**2 + 2*c - 2. Let b be i(2). Let k = b + l. Determine z(k).
2
Let a(o) = -o + 4. Let s(z) be the second derivative of -z**3/6 + 3*z**2/2 - 5*z. Let j(w) = -5*a(w) + 4*s(w). Calculate j(0).
-8
Let a(z) = 6*z. Let g(i) = -12*i. Let n(b) = 5*a(b) + 2*g(b). Suppose -2*c = -4*s - 12, 8*s - 3*s - 5*c = -25. Give n(s).
-6
Let d(o) = -o**3 - 7*o**2 - o + 4. Let y = 29 + -36. Determine d(y).
11
Let q(i) be the first derivative of i**2/2 + i - 6. Give q(-8).
-7
Let v(q) = -q - 9. Let k(m) be the second derivative of m**3/3 + m**2/2 - 15*m. Let u be (-1 - 0) + 0 - 2. Let w be k(u). What is v(w)?
-4
Let q(s) = -s - 6. Let m be q(-8). Let i(r) = r**2 + 2*r - 3. Give i(m).
5
Let j(h) be the first derivative of h**2/2 + 2*h + 16. What is j(-2)?
0
Let i(c) = 9*c**2 - 25 - 26 + 51. Give i(1).
9
Let o(d) = -17*d - 5. Let n be o(-5). Suppose 4*x + 5*v - n = 0, 2*v - 34 = -2*x + v. Let y be x/6*1*-2. Let c(s) = s**3 + 4*s**2 - 5*s + 3. What is c(y)?
3
Suppose g = -10*g - 55. Let h(r) = -1 + 0*r**2 + 4*r**2 - 5*r**2 - 3*r. Determine h(g).
-11
Let a(f) be the third derivative of f**5/60 - 7*f**4/24 + f**3/3 - f**2. Let q be ((-16)/24)/(2/(-21)). What is a(q)?
2
Let z be ((-2)/(-3))/(6/9). Let m(x) = -x**3 + 2*x**2 - 1. Give m(z).
0
Let v(u) = -9*u - 12. Let n(t) = -3*t - 4. Let x(k) = -11*n(k) + 4*v(k). Let s = -282 + 278. Determine x(s).
8
Let p(l) be the third derivative of l**6/120 + l**5/20 - l**4/24 + 5*l**3/6 - l**2. Let k be (20/(-15))/(1/3). Calculate p(k).
-7
Let c(m) = 3*m**2 - 7*m + 1. Let v(r) = 4*r**2 - 10*r + 2. Let l be 1 - (-3 + 1) - -2. Let o(w) = l*v(w) - 7*c(w). What is o(-3)?
-3
Let y = -1 - 2. Let r be (1 - 1) + y - -8. Suppose 5*v - r*h = 15, -3*v - 6*h = -4*h - 19. Let i(t) = -t**2 + 4*t - 2. Determine i(v).
-7
Let c(m) be the first derivative of -m**4/4 - 5*m**3/3 - 3*m - 4. Give c(-5).
-3
Suppose 4*u + 16 = 4. Let p = -2 - u. Let v(c) = -c**3 + 3*c**2 + 8*c + 14. Let l(s) = s**2 + 3*s + 5. Let g(i) = -11*l(i) + 4*v(i). Determine g(p).
-3
Let l(b) = 5*b + 3. Let k(y) = y - 3. Let f be k(6). Let t = -7 + 9. Suppose -5*q + 2*w - 30 = -t*w, -2*q + f*w = 19. Calculate l(q).
-7
Suppose -17 = -2*q - 3*v, q = -q - v + 11. Let j(n) = 3*n + 2. Let c(p) = -p - 1. Let r(u) = 17*c(u) + 6*j(u). Calculate r(q).
-1
Let s(d) be the second derivative of -d**3/2 + d**2 + 2*d + 20. What is s(5)?
-13
Let w(j) be the second derivative of 2*j**4/3 - j**2/2 + 10*j + 4. Suppose 4*y + 2 = 6*y. Calculate w(y).
7
Let a(q) = q**2 + 1. Let f(c) = -7*c**2 - 2*c - 4. Let n(w) = 6*a(w) + f(w). Calculate n(-3).
-1
Suppose 12 = -2*h - 0*h. Let x(c) = -1 + c - 2*c - 3. Determine x(h).
2
Suppose 0 = 5*d + 26 - 31. Let g(j) = 7*j**2 - 3*j**2 + 3*j**2 + j - 1. What is g(d)?
7
Let c(q) = 6*q**3 - q**2 + q + 2. Let u be c(-1). Let w(k) = -3*k + 5. What is w(u)?
23
Let f be 1/2 - 5/(-2). Let j(n) be the first derivative of -n**4/4 + 4*n**3/3 - 3*n**2/2 + 2*n + 2. What is j(f)?
2
Let p(i) = -i - 1 - i + 4*i. Suppose -5*t - 45 = j - 5*j, 3*j = -4*t - 5. Calculate p(j).
9
Let r(m) be the first derivative of m**3 - 34. Give r(-2).
12
Let c(w) = 4*w + 10. Let s = -4 + 1. Let l(k) = 9*k + 21. Let v(i) = s*l(i) + 7*c(i). Let m = 1 - 1. Determine v(m).
7
Let n(c) = -3*c + 21. Let b(h) = -h - 1. Let v(p) = 9*b(p) + n(p). Let a(x) = x - 1. Let t = 2 - 3. Let k(l) = t*v(l) - 15*a(l). Calculate k(2).
-3
Let d(k) = -k**3 + 3*k**2 + 3*k - 1. Suppose -4*a = -5*f + 31, -5*f + 48 = -5*a + 13. Give d(f).
8
Let m(q) = q**2 + 3*q - 4. Suppose -2*u + 36 = -8*u. Let a be (u/(-5))/(20/(-50)). Give m(a).
-4
Let m(k) = -k + 13. Let d(y) = 9*y**3 - y**2. Let g be d(1). Calculate m(g).
5
Suppose 0 = -2*r - 5*b + 23, 2*r - 2*b = b - 1. Let y(l) be the third derivative of l**6/120 - l**5/12 + l**4/4 - l**3/3 - 38*l**2. What is y(r)?
6
Let z(g) = 6*g**2 + 2*g + 1. Let u(t) = 2*t + 3. Let b be 0*(9/(-6) + 1). Suppose b = -5*w - 4*v + 3*v - 6, 3*v - 22 = 5*w. Let r be u(w). Determine z(r).
5
Let c(w) = 2 - 3*w**2 - 4*w**2 + 3*w**2 + 4*w. Let p(z) = 5*z**2 - 4*z - 2. Let j(q) = 4*c(q) + 3*p(q). Give j(4).
2
Let m(c) = -c**3 + 7*c**2 + 2*c - 3. Let n(r) = -3*r**3 - 3*r**2 + 5*r + 5. Let p be n(-2). Give m(p).
11
Let c(v) = v**3 - 4*v**2 + 2*v - 4. Let i be c(4). Let w(a) = i*a - 4*a + 1 + a. Determine w(5).
6
Let r(j) = 4*j**2 - 6*j + 11. Let z(v) = -5*v**2 + 5*v - 12. Let k(y) = -4*r(y) - 3*z(y). What is k(7)?
6
Let x(c) = c**2 - 1. Let b(v) = -7*v**2 - 8*v + 2. Let w(p) = -b(p) - 6*x(p). What is w(-5)?
-11
Let o be (-1)/1*(-2)/2. Let t(n) be the second derivative of n**3/2 + n**2/2 - 37*n. Calculate t(o).
4
Let i = -1 + 1. Suppose p - 6 = -p, -5*a - 3*p = -34. Let j be 1 + a - i - 1. Let c(f) = f**3 - 5*f**2 + f - 1. Calculate c(j).
4
Let g(x) be the second derivative of -x**5/20 - x**4/6 + x**3/2 + x**2/2 + 8*x. What is g(-3)?
1
Let j be 5/2 - (-19)/38. Let b(p) be the second derivative of 3/2*p**2 - j*p + 0 + 1/20*p**5 - 1/4*p**4 - 1/2*p**3. What is b(3)?
-6
Let c(n) = 4 - 4*n - 5 - 6*n**2 + 5 + 5*n**2. Determine c(-4).
4
Let d(t) = 15*t - 27*t + 10*t - 3. Determine d(-5).
7
Let m(t) = t**2 + t - 1. Let v(r) = 2*r**2 + r - 4. Let a(s) = 3*m(s) - v(s). Calculate a(2).
9
Let t be (-8)/(-2) - (-1 - -2). Let j(h) = 2*h**2 + 2*h - 1. Let q be j(-2). Let s(u) = -2*u**3 + q*u**3 + 0*u**t - 3*u + u**2 - 2. Give s(-2).
0
Let k(y) = y**2 + 6*y + 2. Suppose -4*c = 2*t - 13 + 3, 3*c = -3*t. Determine k(t).
-3
Let q(b) = 3 + 111*b - 60*b + 0 - 53*b. What is q(2)?
-1
Suppose -o - o - 10 = -2*w, 5*o + 25 = -2*w. Let r(k) = k**2 + k - 6. Give r(w).
-6
Let f be 2/(-4) + 39/6. Let x(c) = c**2 - 8*c + 3. What is x(f)?
-9
Let v be (-4)/(-18) + (-29)/9. Let o(f) = 2*f**2 + 5*f + 1. Let s(t) = -t**2 - 4*t - 1. Let y(d) = v*s(d) - 2*o(d). What is y(4)?
-7
Suppose 0 = -3*w + 13 - 4. Let n(x) = -5*x - w + 0*x + 4*x - 6. What is n(-7)?
-2
Let u(a) = 0*a - 4*a + 3*a - a. Let z be -1 - (-4 - -2 - 0). Let w = 2 - z. Give u(w).
-2
Let m = -7 + 3. Let s(i) = 2*i**2 - 4 + i**2 + 662*i - 665*i + i**3. Give s(m).
-8
Let m be 2/(-4)*(-28)/(-2). Let u be -5*((-3)/5 + -1). Let v = u + m. Let b(z) = -5*z**3 - z**2 + 2*z - 1. Determine b(v).
-5
Let v(p) = p**3 + 4*p**2 + 3*p + 1. Let l = -3 + -6. Let f = l - -7. Give v(f).
3
Let v(f) be the second derivative of -f**4/12 - f**3/6 + f**2/2 - 6*f. What is v(4)?
-19
Let i(u) = -u**3 - 14*u**2 - 3. Let c be i(-14). Let t(w) = w**3 + 4*w**2 + w - 1. Give t(c).
5
Let t(a) = -3 - 2*a - 2 + 2*a**2 + 6. Let y = 10 - 14. Let b = 6 + y. Give t(b).
5
Let v(r) be the first derivative of r**5/120 - 3*r**4/8 - 5*r**3/3 + 5. Let c(m) be the third derivative of v(m). Determine c(8).
-1
Let l(b) = -6*b + 1. Let g be l(1). Let n(c) = c**3 + 4*c**2 - 4*c. Calculate n(g).
-5
Let g(r) = r**2 - 8*r - 1. Suppose 7*o = 3*o + 32. What is g(o)?
-1
Let x(l) = l**3 - l**2 + 7. Let y = -26 - -26. Calculate x(y).
7
Let f(j) = -2*j**2 + 8*j - 4. Let w be f(4). Let b be 14/3 + 8/(-12). Let c(t) = 3*t + b*t + t**2 - 2*t - 4. Calculate c(w).
-8
Let k(o) = -o + 2. Suppose 3*l + 3*n + 27 = 0, 5*l - 4*l - 3*n = 3. Determine k(l).
8
Suppose 3*m - 1 - 17 = 0. Let n(j) = -m*j - 3 + 2 + 5*j + 2. What is n(-4)?
5
Suppose 5*q + 5*h - 3 = -13, 5*q + 3*h = -6. Let m(k) = -2*k + q*k + 3*k - 2 + 1. Let t be m(-1). Let r(j) = -4*j +